{"id":674,"date":"2020-09-01T09:15:13","date_gmt":"2020-09-01T09:15:13","guid":{"rendered":" https:\/\/laescuelaloprimero.cotec.es\/lelp1\/?page_id=674"},"modified":"2020-09-02T08:25:31","modified_gmt":"2020-09-02T08:25:31","slug":"politica-de-privacidad","status":"publish","type":"page","link":"https:\/\/laescuelaloprimero.cotec.es\/lelp1\/politica-de-privacidad\/","title":{"rendered":"Politica de Privacidad"},"content":{"rendered":"<p>[vc_row][vc_column][vc_column_text]<\/p>\n<h2><span style=\"font-family: champion-htf-middle;\"><mark>\u00a0POL\u00cdTICA DE PRIVACIDAD\u00a0<\/mark><\/span><\/h2>\n<p>[\/vc_column_text][vc_empty_space height=\u00bb22px\u00bb][vc_column_text css=\u00bb.vc_custom_1599035125820{padding-top: 5px !important;padding-right: 10px !important;padding-left: 10px !important;background-color: #ffffff !important;}\u00bb]Desde Fundaci\u00f3n COTEC para la Innovaci\u00f3n (en adelante, \u201c<strong>la Fundaci\u00f3n<\/strong>\u201d o \u201c<strong>el Responsable<\/strong>\u201d), queremos darte todos los detalles sobre c\u00f3mo tratamos los datos personales que nos facilitas al interactuar con nosotros. As\u00ed, esta pol\u00edtica de privacidad se aplica a todos los datos de car\u00e1cter personal que nos sean proporcionados por cualquier medio, espec\u00edficamente en los sitios en los que haya una referencia a esta pol\u00edtica, incluidos los formularios habilitados en esta p\u00e1gina web.<\/p>\n<p>&nbsp;<\/p>\n<p>A continuaci\u00f3n, te informamos sobre nuestra Pol\u00edtica de Privacidad teniendo en cuenta que, para nosotros, la garant\u00eda de la privacidad de los datos personales de nuestros miembros y usuarios de la p\u00e1gina web, es un valor esencial. Siguiendo lo dispuesto tanto por el Reglamento (UE) 2016\/679 del Parlamento Europeo y del Consejo de 27 de abril de 2016 relativo a la protecci\u00f3n de las personas f\u00edsicas en lo que respecta al tratamiento de datos personales y a la libre circulaci\u00f3n de estos datos y por el que se deroga la Directiva 95\/46\/CE (RGPD) como por la Ley Org\u00e1nica 3\/2018, de 5 de diciembre, de Protecci\u00f3n de Datos Personales y garant\u00eda de los derechos digitales, esta es la informaci\u00f3n b\u00e1sica del tratamiento de tus datos y, a continuaci\u00f3n, se encuentra la informaci\u00f3n de forma desarrollada:<\/p>\n<p>&nbsp;<\/p>\n<p><strong>Informaci\u00f3n b\u00e1sica sobre c\u00f3mo tratamos tus datos<\/strong><\/p>\n<table width=\"561\">\n<tbody>\n<tr>\n<td width=\"154\">Responsable del tratamiento<\/td>\n<td width=\"407\">Nombre: Fundaci\u00f3n COTEC para la Innovaci\u00f3n<\/p>\n<p>Domicilio social: Calle Vel\u00e1zquez, 24. 2\u00ba DCHA. 28001. Madrid. Espa\u00f1a<\/p>\n<p>NIF: G-80380561<\/td>\n<\/tr>\n<tr>\n<td width=\"154\">Finalidades del tratamiento<\/td>\n<td width=\"407\">Utilizamos tus datos para:<\/p>\n<p>Desarrollar las actividades de la Fundaci\u00f3n.<\/p>\n<p>Gestionar, administrar y mejorar el servicio de la p\u00e1gina web.<\/p>\n<p>Responder a los mensajes que recibamos a trav\u00e9s de nuestra p\u00e1gina web, o la direcci\u00f3n de email o el tel\u00e9fono habilitados.<\/p>\n<p>Enviar informaci\u00f3n sobre nuestras actividades.<\/p>\n<p>Enviar a medios de comunicaci\u00f3n convocatorias a eventos organizados por la Fundaci\u00f3n, as\u00ed como notas de prensa.<\/p>\n<p>&nbsp;<\/td>\n<\/tr>\n<tr>\n<td width=\"154\">Base legitimadora del tratamiento<\/td>\n<td width=\"407\">Dependiendo de la forma en la que interact\u00faes con nosotros, el tratamiento de datos estar\u00e1 legitimado por:<\/p>\n<p>Inter\u00e9s leg\u00edtimo de la Fundaci\u00f3n.<\/p>\n<p>Necesidad para ejecutar y desarrollar nuestra relaci\u00f3n con los interesados (o ejecutar medidas precontractuales).<\/p>\n<p>Consentimiento del interesado.<\/p>\n<p>&nbsp;<\/td>\n<\/tr>\n<tr>\n<td width=\"154\">&nbsp;<\/p>\n<p>Destinatarios de los datos \u2013 transferencias internacionales<\/p>\n<p>&nbsp;<\/td>\n<td width=\"407\">\u00danicamente podr\u00e1 acceder a tus datos personales, adem\u00e1s de la Fundaci\u00f3n, el proveedor que gestiona la p\u00e1gina web.<\/p>\n<p>No se prev\u00e9n transferencias internacionales de datos.<\/td>\n<\/tr>\n<tr>\n<td width=\"154\">Plazo de conservaci\u00f3n de los datos<\/td>\n<td width=\"407\">&nbsp;<\/p>\n<p>Los datos personales podr\u00e1n ser conservados mientras dure la finalidad a la que est\u00e1n asociados y mientras el consentimiento prestado no se revoque, en caso de que el tratamiento estuviera en el basado en el mismo. Posteriormente, se conservar\u00e1n debidamente bloqueados durante el periodo m\u00e1ximo de tiempo estipulado por ley para defender los intereses de la Fundaci\u00f3n ante reclamaciones u obligaciones legales.<\/p>\n<p>&nbsp;<\/td>\n<\/tr>\n<tr>\n<td width=\"154\">Derechos de los interesados<\/td>\n<td width=\"407\">&nbsp;<\/p>\n<p>Los interesados pueden ejercer sus derechos de acceso, rectificaci\u00f3n, oposici\u00f3n, supresi\u00f3n, portabilidad y limitaci\u00f3n del tratamiento, as\u00ed como el derecho a no ser objeto de decisiones basadas \u00fanicamente en el tratamiento automatizado de sus datos, cuando proceda, ante el Responsable del tratamiento de los datos, a trav\u00e9s de la direcci\u00f3n de correo\u00a0<a href=\"mailto:fundacion.cotec@cotec.es\">fundacion.cotec@cotec.es<\/a>, o a trav\u00e9s de la direcci\u00f3n postal indicada en los datos del Responsable.<\/p>\n<p>&nbsp;<\/p>\n<p>En caso de que no est\u00e9s de acuerdo con el tratamiento que la Fundaci\u00f3n ha llevado a cabo sobre tus datos o su actuaci\u00f3n frente a solicitudes de ejercicio de derechos, puedes presentar una reclamaci\u00f3n ante la Agencia Espa\u00f1ola de Protecci\u00f3n de Datos (<a href=\"http:\/\/www.aepd.es\/\">www.aepd.es<\/a>).<\/p>\n<p>&nbsp;<\/td>\n<\/tr>\n<\/tbody>\n<\/table>\n<p>&nbsp;<\/p>\n<p>Los datos que decidas proporcionarnos a trav\u00e9s de cualquiera de los medios habilitados, nos los facilitas libremente y aceptas que estos datos personales sean objeto del tratamiento correspondiente en cada caso en funci\u00f3n de la base legitimadora y la finalidad para la cual hayan sido recogidos.<\/p>\n<p>En aras de proporcionar la m\u00e1xima transparencia y operar bajo el m\u00e1ximo cumplimiento de lo dispuesto en el RGPD, a continuaci\u00f3n, te facilitamos la informaci\u00f3n relativa al tratamiento de tus datos que vamos a realizar de forma m\u00e1s extensa, con el fin de que tengas toda la informaci\u00f3n necesaria. Por eso es esencial que leas atentamente la informaci\u00f3n que te detallamos a continuaci\u00f3n.<\/p>\n<p>&nbsp;<\/p>\n<p><strong>\u00bfQu\u00e9 datos tratamos?<\/strong><\/p>\n<p>A trav\u00e9s de los formularios de la p\u00e1gina web, \u00fanicamente recogemos tus datos identificativos: tu nombre y apellidos y tu direcci\u00f3n de correo electr\u00f3nico. En caso de que representes a alg\u00fan medio o entidad, tambi\u00e9n recogeremos el nombre de dicho medio. Por \u00faltimo, en caso de que nos env\u00edes alguna consulta, trataremos el contenido del mensaje que decidas enviarnos.<\/p>\n<p>Asimismo, queremos informarte de que al navegar por nuestra p\u00e1gina web, nuestro servidor trata datos obtenidos directamente de tu dispositivo, entre los cuales puede haber datos personales como tu direcci\u00f3n IP, adem\u00e1s de la fecha y la hora de acceso y navegaci\u00f3n, el navegador utilizado, as\u00ed como el dispositivo vinculado y, en algunos casos, el sistema operativo de tu dispositivo.<\/p>\n<p>&nbsp;<\/p>\n<p><strong>\u00bfPara qu\u00e9 trataremos tus datos?<\/strong><\/p>\n<p>Los datos personales que nos facilitas en los distintos formularios habilitados al efecto, los utilizamos para gestionar los servicios que ofrecemos en la Fundaci\u00f3n y para poder dar respuesta a las consultas que nos plantees. Estos datos nos permiten mantener la relaci\u00f3n con nuestros usuarios.<\/p>\n<p>Aquellos datos que nos proporciones al navegar por nuestra p\u00e1gina web son tratados \u00fanicamente para optimizar el rendimiento de nuestra p\u00e1gina web, garantizar un uso adecuado incluyendo la evaluaci\u00f3n de la seguridad y optimizar la conexi\u00f3n.<\/p>\n<p>Igualmente, si nos das tu consentimiento para ello, te enviaremos informaci\u00f3n sobre nuestros productos y servicios. Si no quieres recibir ning\u00fan tipo de informaci\u00f3n sobre nuestros servicios o en alg\u00fan momento quieres dejar de recibirla, ind\u00edcanoslo mand\u00e1ndonos un mail a la direcci\u00f3n\u00a0<a href=\"mailto:fundacion.cotec@cotec.es\">fundacion.cotec@cotec.es<\/a>, o mediante correo postal al domicilio social de la Fundaci\u00f3n que hemos indicado m\u00e1s arriba.<\/p>\n<p>&nbsp;<\/p>\n<p><strong>\u00bfPor qu\u00e9 raz\u00f3n utilizamos tus datos personales?<\/strong><\/p>\n<p>La base legal del tratamiento de tus datos depender\u00e1 del rol que tengas y de la forma que interact\u00faes con nosotros. En cualquiera de estos casos, operar\u00e1n las siguientes bases legitimadoras:<\/p>\n<ol>\n<li>Necesitamos tratar tu informaci\u00f3n personal para poder prestarte nuestro servicio, o ejecutar nuestra relaci\u00f3n contractual contigo (o aplicar medidas precontractuales) con las finalidades descritas anteriormente.<\/li>\n<li>Nos has prestado tu consentimiento para usar tus datos de una forma determinada, marcando expresamente una casilla de consentimiento al completar un formulario o envi\u00e1ndonos un mensaje a nuestro correo electr\u00f3nica.<\/li>\n<li>Por nuestro inter\u00e9s leg\u00edtimo, para la gesti\u00f3n de la Fundaci\u00f3n y de nuestros servicios, siempre y cuando estos intereses no queden anulados por tus derechos. En este sentido, la Fundaci\u00f3n tiene varios intereses leg\u00edtimos a la hora de usar tus datos personales:<\/li>\n<li>Mejorar y personalizar nuestra p\u00e1gina web.<\/li>\n<li>Garantizar la seguridad de nuestra p\u00e1gina web.<\/li>\n<li>Velar por la protecci\u00f3n de nuestros usuarios.<\/li>\n<li>Desarrollar nuevas funcionalidades y servicios para nuestros usuarios.<\/li>\n<\/ol>\n<p>&nbsp;<\/p>\n<p><strong>\u00a0<\/strong><strong>\u00bfA qui\u00e9n comunicamos tus datos?<\/strong><\/p>\n<p>\u00danicamente comunicaremos los mismos cuando estemos obligados por una ley o que previamente nos hayas dado tu autorizaci\u00f3n expresa para ello. Adem\u00e1s, la entidad que gestiona nuestra p\u00e1gina web podr\u00e1 acceder a determinados datos de los usuarios, para garantizar la seguridad y buena conexi\u00f3n de la p\u00e1gina web y la mejor gesti\u00f3n posible de la misma.<\/p>\n<p>&nbsp;<\/p>\n<p><strong>\u00bfDurante cu\u00e1nto tiempo conservaremos tus datos?<\/strong><\/p>\n<p>Conservaremos los datos el tiempo que sea necesario para garantizar la prestaci\u00f3n del servicio y cumplir con nuestras obligaciones legales. Cuando debamos eliminarlos, los mantendremos bloqueados para poder responder a futuras posibles reclamaciones y defender nuestros intereses, durante el tiempo indispensable.<\/p>\n<p>&nbsp;<\/p>\n<p><strong>\u00bfC\u00f3mo custodiamos tus datos?<\/strong><\/p>\n<p>En cumplimiento de nuestra obligaci\u00f3n de guardar secreto respecto de los datos de car\u00e1cter personal recogidos, as\u00ed como de nuestro deber de custodiarlos, nos comprometemos a adoptar las medidas t\u00e9cnicas y organizativas de seguridad necesarias para evitar su modificaci\u00f3n, alteraci\u00f3n, p\u00e9rdida, tratamiento o acceso no autorizado, de acuerdo con lo establecido en el RGPD.<\/p>\n<p>En la Fundaci\u00f3n reconocemos y nos tomamos muy en serio nuestra responsabilidad a la hora de proteger tus datos personales. Es por ello, que mantenemos unos niveles de seguridad de protecci\u00f3n de datos personales adecuados, y hemos establecido todos los medios t\u00e9cnicos y organizativos a nuestro alcance para evitar la p\u00e9rdida, mal uso, alteraci\u00f3n, acceso no autorizado y robo de los datos que nos has facilitado, sin perjuicio de informarte de que las medidas de seguridad en Internet no son 100% inexpugnables.<\/p>\n<p>La seguridad de tu informaci\u00f3n tambi\u00e9n depende de ti y del uso que hagas de nuestros servicios y de la informaci\u00f3n que nos proporciones. Es importante que no compartas esta informaci\u00f3n con nadie que no consideres necesario, y que la gestiones con la diligencia debida. Asimismo, te solicitamos que todos los datos que proporciones sean lo m\u00e1s exactos posible.<\/p>\n<p>&nbsp;<\/p>\n<p><strong>\u00bfC\u00f3mo puedes gestionar tus datos?<\/strong><\/p>\n<p>De nuevo, te recordamos que podr\u00e1s ejercitar sus derechos de acceso, rectificaci\u00f3n, supresi\u00f3n y oposici\u00f3n, as\u00ed como los de limitaci\u00f3n y portabilidad, en cualquiera de las direcciones que te hemos dado al principio o en la direcci\u00f3n de correo electr\u00f3nico\u00a0<a href=\"mailto:fundacion.cotec@cotec.es\">fundacion.cotec@cotec.es<\/a>, adjuntando fotocopia del DNI e indic\u00e1ndonos qu\u00e9 actuaci\u00f3n por nuestra parte solicitas.<\/p>\n<p>El ejercicio de todos estos derechos es gratuito y, en aras a la mayor transparencia, te facilitamos m\u00e1s informaci\u00f3n sobre estos derechos:<\/p>\n<p>&nbsp;<\/p>\n<table width=\"560\">\n<tbody>\n<tr>\n<td width=\"149\"><strong>Derecho<\/strong><\/td>\n<td width=\"411\"><strong>Contenido<\/strong><\/td>\n<\/tr>\n<tr>\n<td width=\"149\">Acceso<\/td>\n<td width=\"411\">&nbsp;<\/p>\n<p>Puedes solicitar informaci\u00f3n sobre qu\u00e9 datos tratamos sobre ti, refiri\u00e9ndote a la totalidad de la informaci\u00f3n o a datos concretos.<\/td>\n<\/tr>\n<tr>\n<td width=\"149\">Rectificaci\u00f3n<\/td>\n<td width=\"411\">&nbsp;<\/p>\n<p>Uno de los principios de la normativa aplicable es la exactitud de los datos, por lo que podr\u00e1s solicitar su rectificaci\u00f3n en cualquier momento, con la finalidad de mantenerlos correctamente actualizados.<\/td>\n<\/tr>\n<tr>\n<td width=\"149\">Supresi\u00f3n<\/td>\n<td width=\"411\">&nbsp;<\/p>\n<p>Puedes solicitar la supresi\u00f3n de los datos personales, adem\u00e1s de su eliminaci\u00f3n en caso de que ya no sean necesarios para la finalidad para la que se recogieron o cuando ejerzas el derecho de oposici\u00f3n sobre estos, excepto si son necesarios para el cumplimiento de una obligaci\u00f3n legal, inter\u00e9s p\u00fablico, o para el ejercicio o defensa de posibles reclamaciones.<\/p>\n<p>&nbsp;<\/p>\n<p>La consecuencia de la supresi\u00f3n de los datos ser\u00e1 la imposibilidad de la correcta prestaci\u00f3n de los servicios por nuestra parte.<\/td>\n<\/tr>\n<tr>\n<td width=\"149\">Oposici\u00f3n<\/td>\n<td width=\"411\">&nbsp;<\/p>\n<p>En determinadas circunstancias y por motivos relacionados con tu situaci\u00f3n particular, puedes oponerte al tratamiento de tus datos. La Fundaci\u00f3n dejar\u00e1 de tratar los datos, salvo por motivos leg\u00edtimos imperiosos, por el ejercicio o la defensa de posibles reclamaciones, o para cumplir con nuestras obligaciones legales.<\/p>\n<p>&nbsp;<\/td>\n<\/tr>\n<tr>\n<td width=\"149\">Limitaci\u00f3n del tratamiento<\/td>\n<td width=\"411\">&nbsp;<\/p>\n<p>En determinadas circunstancias puedes solicitar la limitaci\u00f3n del tratamiento de tus datos, en cuyo caso \u00fanicamente los conservaremos para cumplir con nuestras obligaciones legales.<\/td>\n<\/tr>\n<tr>\n<td width=\"149\">Portabilidad<\/td>\n<td width=\"411\">&nbsp;<\/p>\n<p>En caso de aplicaci\u00f3n, puedes recibir, en formato electr\u00f3nico, los datos personales que nos hayas facilitado.<\/p>\n<p>&nbsp;<\/td>\n<\/tr>\n<tr>\n<td width=\"149\">Retirada del consentimiento<\/td>\n<td width=\"411\">&nbsp;<\/p>\n<p>En cualquier momento puedes retirar el consentimiento prestado sin que ello afecte a la licitud del tratamiento. Si solicitas la supresi\u00f3n de tus datos dejaremos de procesar los mismos, pero ten en cuenta que, en algunos casos, no podremos seguir prest\u00e1ndote servicios y que, en determinados casos en los que tengamos la base legal correspondiente, seguiremos procesando tu informaci\u00f3n despu\u00e9s de que hayas retirado tu consentimiento y solicitado la eliminaci\u00f3n de tu informaci\u00f3n.<\/p>\n<p>&nbsp;<\/td>\n<\/tr>\n<\/tbody>\n<\/table>\n<p>Igualmente, te informamos de que tienes derecho a presentar una reclamaci\u00f3n en la Agencia Espa\u00f1ola de Protecci\u00f3n de Datos www.agpd.es. En todo caso, por nuestro fuerte compromiso con la privacidad te invitamos a que te dirijas directamente a nosotros para solucionar cualquier cuesti\u00f3n relacionada con tus datos personales; estaremos encantados de poder serte de utilidad.<\/p>\n<p>&nbsp;<\/p>\n<p><strong>Modificaci\u00f3n de la presente pol\u00edtica de privacidad<\/strong><\/p>\n<p>La Fundaci\u00f3n se reserva el derecho a modificar la presente pol\u00edtica para adaptarla a futuras novedades legislativas, jurisprudenciales o doctrinales, as\u00ed como a los usos generales del sector, informando previamente a los usuarios a trav\u00e9s de nuestra web. Te recomendamos que consultes esta p\u00e1gina con cierta frecuencia para revisar la versi\u00f3n m\u00e1s reciente.<\/p>\n<p>El nuevo aviso de privacidad ser\u00e1 efectivo desde el momento de su publicaci\u00f3n. Si no aceptas las modificaciones del nuevo aviso, podr\u00e1s ejercitar cualquiera de tus derechos o dejar de utilizar nuestro servicio. Si contin\u00faas accediendo o utilizando nuestros servicios despu\u00e9s de la entrada en vigor de dichas modificaciones, aceptas estar sujeto a las nuevas pol\u00edticas de privacidad.<\/p>\n<p>En ning\u00fan caso dichas modificaciones afectar\u00e1n a la elecci\u00f3n que hubieras formulado en lo que respecta al modo en que la Fundaci\u00f3n puede tratar tus datos personales. Si en alg\u00fan momento quisi\u00e9ramos utilizar tus datos de forma distinta a la establecida en el momento de la recogida, te lo notificaremos por correo electr\u00f3nico, solicitando tu consentimiento.<\/p>\n<p>Asimismo, la Fundaci\u00f3n se reserva el derecho a la rescisi\u00f3n de los servicios que presta en aquellos usuarios que no cumplan con los t\u00e9rminos y condiciones legales de uso, as\u00ed como con la legislaci\u00f3n vigente.<\/p>\n<p>Fecha de \u00faltima actualizaci\u00f3n: mayo de 2020[\/vc_column_text][\/vc_column][\/vc_row]<\/p>\n","protected":false},"excerpt":{"rendered":"<p>[vc_row][vc_column][vc_column_text] \u00a0POL\u00cdTICA DE PRIVACIDAD\u00a0 [\/vc_column_text][vc_empty_space height=\u00bb22px\u00bb][vc_column_text css=\u00bb.vc_custom_1599035125820{padding-top: 5px !important;padding-right: 10px !important;padding-left: 10px !important;background-color: #ffffff !important;}\u00bb]Desde Fundaci\u00f3n COTEC para la Innovaci\u00f3n (en adelante, \u201cla Fundaci\u00f3n\u201d o \u201cel Responsable\u201d), queremos darte todos los detalles sobre c\u00f3mo tratamos los datos personales que nos facilitas al interactuar con nosotros. As\u00ed, esta pol\u00edtica de privacidad se aplica a todos los&hellip;<\/p>\n","protected":false},"author":1,"featured_media":0,"parent":0,"menu_order":0,"comment_status":"closed","ping_status":"closed","template":"","meta":[],"yoast_head":"<!-- This site is optimized with the Yoast SEO plugin v19.6.1 - https:\/\/yoast.com\/wordpress\/plugins\/seo\/ -->\n<title>Politica de Privacidad - Cotec<\/title>\n<meta name=\"robots\" content=\"index, follow, max-snippet:-1, max-image-preview:large, max-video-preview:-1\" \/>\n<link rel=\"canonical\" href=\"https:\/\/laescuelaloprimero.cotec.es\/lelp1\/politica-de-privacidad\/\" \/>\n<meta property=\"og:locale\" content=\"es_ES\" \/>\n<meta property=\"og:type\" content=\"article\" \/>\n<meta property=\"og:title\" content=\"Politica de Privacidad - Cotec\" \/>\n<meta property=\"og:description\" content=\"[vc_row][vc_column][vc_column_text] \u00a0POL\u00cdTICA DE PRIVACIDAD\u00a0 [\/vc_column_text][vc_empty_space height=\u00bb22px\u00bb][vc_column_text css=\u00bb.vc_custom_1599035125820{padding-top: 5px !important;padding-right: 10px !important;padding-left: 10px !important;background-color: #ffffff !important;}\u00bb]Desde Fundaci\u00f3n COTEC para la Innovaci\u00f3n (en adelante, \u201cla Fundaci\u00f3n\u201d o \u201cel Responsable\u201d), queremos darte todos los detalles sobre c\u00f3mo tratamos los datos personales que nos facilitas al interactuar con nosotros. As\u00ed, esta pol\u00edtica de privacidad se aplica a todos los&hellip;\" \/>\n<meta property=\"og:url\" content=\"https:\/\/laescuelaloprimero.cotec.es\/lelp1\/politica-de-privacidad\/\" \/>\n<meta property=\"og:site_name\" content=\"Cotec\" \/>\n<meta property=\"article:modified_time\" content=\"2020-09-02T08:25:31+00:00\" \/>\n<meta name=\"twitter:card\" content=\"summary_large_image\" \/>\n<meta name=\"twitter:label1\" content=\"Tiempo de lectura\" \/>\n\t<meta name=\"twitter:data1\" content=\"12 minutos\" \/>\n<script type=\"application\/ld+json\" class=\"yoast-schema-graph\">{\"@context\":\"https:\/\/schema.org\",\"@graph\":[{\"@type\":\"WebPage\",\"@id\":\"https:\/\/laescuelaloprimero.cotec.es\/lelp1\/politica-de-privacidad\/\",\"url\":\"https:\/\/laescuelaloprimero.cotec.es\/lelp1\/politica-de-privacidad\/\",\"name\":\"Politica de Privacidad - Cotec\",\"isPartOf\":{\"@id\":\"https:\/\/laescuelaloprimero.cotec.es\/lelp1\/#website\"},\"datePublished\":\"2020-09-01T09:15:13+00:00\",\"dateModified\":\"2020-09-02T08:25:31+00:00\",\"breadcrumb\":{\"@id\":\"https:\/\/laescuelaloprimero.cotec.es\/lelp1\/politica-de-privacidad\/#breadcrumb\"},\"inLanguage\":\"es\",\"potentialAction\":[{\"@type\":\"ReadAction\",\"target\":[\"https:\/\/laescuelaloprimero.cotec.es\/lelp1\/politica-de-privacidad\/\"]}]},{\"@type\":\"BreadcrumbList\",\"@id\":\"https:\/\/laescuelaloprimero.cotec.es\/lelp1\/politica-de-privacidad\/#breadcrumb\",\"itemListElement\":[{\"@type\":\"ListItem\",\"position\":1,\"name\":\"Portada\",\"item\":\"https:\/\/laescuelaloprimero.cotec.es\/lelp1\/\"},{\"@type\":\"ListItem\",\"position\":2,\"name\":\"Politica de Privacidad\"}]},{\"@type\":\"WebSite\",\"@id\":\"https:\/\/laescuelaloprimero.cotec.es\/lelp1\/#website\",\"url\":\"https:\/\/laescuelaloprimero.cotec.es\/lelp1\/\",\"name\":\"Cotec\",\"description\":\"\",\"potentialAction\":[{\"@type\":\"SearchAction\",\"target\":{\"@type\":\"EntryPoint\",\"urlTemplate\":\"https:\/\/laescuelaloprimero.cotec.es\/lelp1\/?s={search_term_string}\"},\"query-input\":\"required name=search_term_string\"}],\"inLanguage\":\"es\"}]}<\/script>\n<!-- \/ Yoast SEO plugin. -->","yoast_head_json":{"title":"Politica de Privacidad - Cotec","robots":{"index":"index","follow":"follow","max-snippet":"max-snippet:-1","max-image-preview":"max-image-preview:large","max-video-preview":"max-video-preview:-1"},"canonical":"https:\/\/laescuelaloprimero.cotec.es\/lelp1\/politica-de-privacidad\/","og_locale":"es_ES","og_type":"article","og_title":"Politica de Privacidad - Cotec","og_description":"[vc_row][vc_column][vc_column_text] \u00a0POL\u00cdTICA DE PRIVACIDAD\u00a0 [\/vc_column_text][vc_empty_space height=\u00bb22px\u00bb][vc_column_text css=\u00bb.vc_custom_1599035125820{padding-top: 5px !important;padding-right: 10px !important;padding-left: 10px !important;background-color: #ffffff !important;}\u00bb]Desde Fundaci\u00f3n COTEC para la Innovaci\u00f3n (en adelante, \u201cla Fundaci\u00f3n\u201d o \u201cel Responsable\u201d), queremos darte todos los detalles sobre c\u00f3mo tratamos los datos personales que nos facilitas al interactuar con nosotros. As\u00ed, esta pol\u00edtica de privacidad se aplica a todos los&hellip;","og_url":"https:\/\/laescuelaloprimero.cotec.es\/lelp1\/politica-de-privacidad\/","og_site_name":"Cotec","article_modified_time":"2020-09-02T08:25:31+00:00","twitter_card":"summary_large_image","twitter_misc":{"Tiempo de lectura":"12 minutos"},"schema":{"@context":"https:\/\/schema.org","@graph":[{"@type":"WebPage","@id":"https:\/\/laescuelaloprimero.cotec.es\/lelp1\/politica-de-privacidad\/","url":"https:\/\/laescuelaloprimero.cotec.es\/lelp1\/politica-de-privacidad\/","name":"Politica de Privacidad - Cotec","isPartOf":{"@id":"https:\/\/laescuelaloprimero.cotec.es\/lelp1\/#website"},"datePublished":"2020-09-01T09:15:13+00:00","dateModified":"2020-09-02T08:25:31+00:00","breadcrumb":{"@id":"https:\/\/laescuelaloprimero.cotec.es\/lelp1\/politica-de-privacidad\/#breadcrumb"},"inLanguage":"es","potentialAction":[{"@type":"ReadAction","target":["https:\/\/laescuelaloprimero.cotec.es\/lelp1\/politica-de-privacidad\/"]}]},{"@type":"BreadcrumbList","@id":"https:\/\/laescuelaloprimero.cotec.es\/lelp1\/politica-de-privacidad\/#breadcrumb","itemListElement":[{"@type":"ListItem","position":1,"name":"Portada","item":"https:\/\/laescuelaloprimero.cotec.es\/lelp1\/"},{"@type":"ListItem","position":2,"name":"Politica de Privacidad"}]},{"@type":"WebSite","@id":"https:\/\/laescuelaloprimero.cotec.es\/lelp1\/#website","url":"https:\/\/laescuelaloprimero.cotec.es\/lelp1\/","name":"Cotec","description":"","potentialAction":[{"@type":"SearchAction","target":{"@type":"EntryPoint","urlTemplate":"https:\/\/laescuelaloprimero.cotec.es\/lelp1\/?s={search_term_string}"},"query-input":"required name=search_term_string"}],"inLanguage":"es"}]}},"_links":{"self":[{"href":"https:\/\/laescuelaloprimero.cotec.es\/lelp1\/wp-json\/wp\/v2\/pages\/674"}],"collection":[{"href":"https:\/\/laescuelaloprimero.cotec.es\/lelp1\/wp-json\/wp\/v2\/pages"}],"about":[{"href":"https:\/\/laescuelaloprimero.cotec.es\/lelp1\/wp-json\/wp\/v2\/types\/page"}],"author":[{"embeddable":true,"href":"https:\/\/laescuelaloprimero.cotec.es\/lelp1\/wp-json\/wp\/v2\/users\/1"}],"replies":[{"embeddable":true,"href":"https:\/\/laescuelaloprimero.cotec.es\/lelp1\/wp-json\/wp\/v2\/comments?post=674"}],"version-history":[{"count":7,"href":"https:\/\/laescuelaloprimero.cotec.es\/lelp1\/wp-json\/wp\/v2\/pages\/674\/revisions"}],"predecessor-version":[{"id":720,"href":"https:\/\/laescuelaloprimero.cotec.es\/lelp1\/wp-json\/wp\/v2\/pages\/674\/revisions\/720"}],"wp:attachment":[{"href":"https:\/\/laescuelaloprimero.cotec.es\/lelp1\/wp-json\/wp\/v2\/media?parent=674"}],"curies":[{"name":"wp","href":"https:\/\/api.w.org\/{rel}","templated":true}]}}